{"id":14,"date":"2024-01-01T19:17:26","date_gmt":"2024-01-01T18:17:26","guid":{"rendered":"https:\/\/la-fauconnerie.com\/egypte\/?page_id=14"},"modified":"2024-02-05T23:36:08","modified_gmt":"2024-02-05T22:36:08","slug":"itineraire","status":"publish","type":"page","link":"https:\/\/la-fauconnerie.com\/egypte\/itineraire\/","title":{"rendered":"Itin\u00e9raire"},"content":{"rendered":"\n<p class=\"has-text-align-justify\">Voici notre itin\u00e9raire en carte, depuis le d\u00e9but du s\u00e9jour au Caire, puis notre passage \u00e0 Louxor, avant de rejoindre Esna et de monter \u00e0 bord de notre dahabeya pour une croisi\u00e8re de 6 jours sur le Nil, et pour finir \u00e0 Abou Simbel.<\/p>\n\n\n\n<ul>\n<li>Le Caire et le plateau de Gizeh<\/li>\n\n\n\n<li>Louxor, Vall\u00e9es des Rois, des Reines ou encore temple de Karnak<\/li>\n\n\n\n<li>Embarquement pour notre croisi\u00e8re en dahabeya sur le Nil<\/li>\n\n\n\n<li>Au rythme du Nil, d\u00e9couverte d&rsquo;Edfou, Bisaw, Kom Ombo, Daraw, &#8230; jusqu&rsquo;\u00e0 Assouan<\/li>\n\n\n\n<li>Abou Simbel et ses temples majestueux<\/li>\n<\/ul>\n\n\n\n<p><center><p><iframe loading=\"lazy\" src=\"https:\/\/www.google.com\/maps\/d\/u\/0\/embed?mid=1N-MzbJ-M9FqvV-hE4VJmCnte2IdTsio&amp;ehbc=2E312F\" width=\"640\" height=\"480\"><\/iframe><\/p><\/center><\/p>\n","protected":false},"excerpt":{"rendered":"<p>Voici notre itin\u00e9raire en carte, depuis le d\u00e9but du s\u00e9jour au Caire, puis notre passage \u00e0 Louxor, avant de rejoindre Esna et de monter \u00e0 &hellip; <\/p>\n","protected":false},"author":1,"featured_media":100,"parent":0,"menu_order":0,"comment_status":"closed","ping_status":"closed","template":"","meta":{"footnotes":""},"yoast_head":"<!-- This site is optimized with the Yoast SEO plugin v21.7 - https:\/\/yoast.com\/wordpress\/plugins\/seo\/ -->\n<title>Itin\u00e9raire - La Fauconnerie chez les Pharaons<\/title>\n<meta name=\"description\" content=\"D\u00e9couvrez l&#039;itin\u00e9raire de notre programme en Egypte. Du Caire \u00e0 Abou Simbel, en passant par une croisi\u00e8re sur le Nil.\" \/>\n<meta name=\"robots\" content=\"index, follow, max-snippet:-1, max-image-preview:large, max-video-preview:-1\" \/>\n<link rel=\"canonical\" href=\"https:\/\/la-fauconnerie.com\/egypte\/\" \/>\n<meta property=\"og:locale\" content=\"fr_FR\" \/>\n<meta property=\"og:type\" content=\"article\" \/>\n<meta property=\"og:title\" content=\"Itin\u00e9raire - La Fauconnerie chez les Pharaons\" \/>\n<meta property=\"og:description\" content=\"D\u00e9couvrez l&#039;itin\u00e9raire de notre programme en Egypte. Du Caire \u00e0 Abou Simbel, en passant par une croisi\u00e8re sur le Nil.\" \/>\n<meta property=\"og:url\" content=\"https:\/\/la-fauconnerie.com\/egypte\/\" \/>\n<meta property=\"og:site_name\" content=\"La Fauconnerie chez les Pharaons\" \/>\n<meta property=\"article:modified_time\" content=\"2024-02-05T22:36:08+00:00\" \/>\n<meta property=\"og:image\" content=\"https:\/\/la-fauconnerie.com\/egypte\/wp-content\/uploads\/2024\/01\/le-caire-gizeh-1024x639.jpg\" \/>\n\t<meta property=\"og:image:width\" content=\"1024\" \/>\n\t<meta property=\"og:image:height\" content=\"639\" \/>\n\t<meta property=\"og:image:type\" content=\"image\/jpeg\" \/>\n<meta name=\"twitter:card\" content=\"summary_large_image\" \/>\n<meta name=\"twitter:label1\" content=\"Dur\u00e9e de lecture estim\u00e9e\" \/>\n\t<meta name=\"twitter:data1\" content=\"1 minute\" \/>\n<script type=\"application\/ld+json\" class=\"yoast-schema-graph\">{\"@context\":\"https:\/\/schema.org\",\"@graph\":[{\"@type\":\"WebPage\",\"@id\":\"https:\/\/la-fauconnerie.com\/egypte\/\",\"url\":\"https:\/\/la-fauconnerie.com\/egypte\/\",\"name\":\"Itin\u00e9raire - La Fauconnerie chez les Pharaons\",\"isPartOf\":{\"@id\":\"https:\/\/la-fauconnerie.com\/egypte\/#website\"},\"datePublished\":\"2024-01-01T18:17:26+00:00\",\"dateModified\":\"2024-02-05T22:36:08+00:00\",\"description\":\"D\u00e9couvrez l'itin\u00e9raire de notre programme en Egypte. Du Caire \u00e0 Abou Simbel, en passant par une croisi\u00e8re sur le Nil.\",\"breadcrumb\":{\"@id\":\"https:\/\/la-fauconnerie.com\/egypte\/#breadcrumb\"},\"inLanguage\":\"fr-FR\",\"potentialAction\":[{\"@type\":\"ReadAction\",\"target\":[\"https:\/\/la-fauconnerie.com\/egypte\/\"]}]},{\"@type\":\"BreadcrumbList\",\"@id\":\"https:\/\/la-fauconnerie.com\/egypte\/#breadcrumb\",\"itemListElement\":[{\"@type\":\"ListItem\",\"position\":1,\"name\":\"Accueil\",\"item\":\"https:\/\/la-fauconnerie.com\/egypte\/\"},{\"@type\":\"ListItem\",\"position\":2,\"name\":\"Itin\u00e9raire\"}]},{\"@type\":\"WebSite\",\"@id\":\"https:\/\/la-fauconnerie.com\/egypte\/#website\",\"url\":\"https:\/\/la-fauconnerie.com\/egypte\/\",\"name\":\"La Fauconnerie chez les Pharaons\",\"description\":\"\",\"publisher\":{\"@id\":\"https:\/\/la-fauconnerie.com\/egypte\/#\/schema\/person\/45c3d5d50e4c2704870fcd1be3bf47cc\"},\"potentialAction\":[{\"@type\":\"SearchAction\",\"target\":{\"@type\":\"EntryPoint\",\"urlTemplate\":\"https:\/\/la-fauconnerie.com\/egypte\/?s={search_term_string}\"},\"query-input\":\"required name=search_term_string\"}],\"inLanguage\":\"fr-FR\"},{\"@type\":[\"Person\",\"Organization\"],\"@id\":\"https:\/\/la-fauconnerie.com\/egypte\/#\/schema\/person\/45c3d5d50e4c2704870fcd1be3bf47cc\",\"name\":\"admin\",\"image\":{\"@type\":\"ImageObject\",\"inLanguage\":\"fr-FR\",\"@id\":\"https:\/\/la-fauconnerie.com\/egypte\/#\/schema\/person\/image\/\",\"url\":\"https:\/\/i0.wp.com\/la-fauconnerie.com\/egypte\/wp-content\/uploads\/2024\/01\/pngtree-egypt-flag-transparent-watercolor-painted-brush-free-psd-png-image_5031747.png?fit=360%2C360&ssl=1\",\"contentUrl\":\"https:\/\/i0.wp.com\/la-fauconnerie.com\/egypte\/wp-content\/uploads\/2024\/01\/pngtree-egypt-flag-transparent-watercolor-painted-brush-free-psd-png-image_5031747.png?fit=360%2C360&ssl=1\",\"width\":360,\"height\":360,\"caption\":\"admin\"},\"logo\":{\"@id\":\"https:\/\/la-fauconnerie.com\/egypte\/#\/schema\/person\/image\/\"},\"sameAs\":[\"https:\/\/la-fauconnerie.com\/egypte\"]}]}<\/script>\n<!-- \/ Yoast SEO plugin. -->","yoast_head_json":{"title":"Itin\u00e9raire - La Fauconnerie chez les Pharaons","description":"D\u00e9couvrez l'itin\u00e9raire de notre programme en Egypte. Du Caire \u00e0 Abou Simbel, en passant par une croisi\u00e8re sur le Nil.","robots":{"index":"index","follow":"follow","max-snippet":"max-snippet:-1","max-image-preview":"max-image-preview:large","max-video-preview":"max-video-preview:-1"},"canonical":"https:\/\/la-fauconnerie.com\/egypte\/","og_locale":"fr_FR","og_type":"article","og_title":"Itin\u00e9raire - La Fauconnerie chez les Pharaons","og_description":"D\u00e9couvrez l'itin\u00e9raire de notre programme en Egypte. Du Caire \u00e0 Abou Simbel, en passant par une croisi\u00e8re sur le Nil.","og_url":"https:\/\/la-fauconnerie.com\/egypte\/","og_site_name":"La Fauconnerie chez les Pharaons","article_modified_time":"2024-02-05T22:36:08+00:00","og_image":[{"width":1024,"height":639,"url":"https:\/\/la-fauconnerie.com\/egypte\/wp-content\/uploads\/2024\/01\/le-caire-gizeh-1024x639.jpg","type":"image\/jpeg"}],"twitter_card":"summary_large_image","twitter_misc":{"Dur\u00e9e de lecture estim\u00e9e":"1 minute"},"schema":{"@context":"https:\/\/schema.org","@graph":[{"@type":"WebPage","@id":"https:\/\/la-fauconnerie.com\/egypte\/","url":"https:\/\/la-fauconnerie.com\/egypte\/","name":"Itin\u00e9raire - La Fauconnerie chez les Pharaons","isPartOf":{"@id":"https:\/\/la-fauconnerie.com\/egypte\/#website"},"datePublished":"2024-01-01T18:17:26+00:00","dateModified":"2024-02-05T22:36:08+00:00","description":"D\u00e9couvrez l'itin\u00e9raire de notre programme en Egypte. Du Caire \u00e0 Abou Simbel, en passant par une croisi\u00e8re sur le Nil.","breadcrumb":{"@id":"https:\/\/la-fauconnerie.com\/egypte\/#breadcrumb"},"inLanguage":"fr-FR","potentialAction":[{"@type":"ReadAction","target":["https:\/\/la-fauconnerie.com\/egypte\/"]}]},{"@type":"BreadcrumbList","@id":"https:\/\/la-fauconnerie.com\/egypte\/#breadcrumb","itemListElement":[{"@type":"ListItem","position":1,"name":"Accueil","item":"https:\/\/la-fauconnerie.com\/egypte\/"},{"@type":"ListItem","position":2,"name":"Itin\u00e9raire"}]},{"@type":"WebSite","@id":"https:\/\/la-fauconnerie.com\/egypte\/#website","url":"https:\/\/la-fauconnerie.com\/egypte\/","name":"La Fauconnerie chez les Pharaons","description":"","publisher":{"@id":"https:\/\/la-fauconnerie.com\/egypte\/#\/schema\/person\/45c3d5d50e4c2704870fcd1be3bf47cc"},"potentialAction":[{"@type":"SearchAction","target":{"@type":"EntryPoint","urlTemplate":"https:\/\/la-fauconnerie.com\/egypte\/?s={search_term_string}"},"query-input":"required name=search_term_string"}],"inLanguage":"fr-FR"},{"@type":["Person","Organization"],"@id":"https:\/\/la-fauconnerie.com\/egypte\/#\/schema\/person\/45c3d5d50e4c2704870fcd1be3bf47cc","name":"admin","image":{"@type":"ImageObject","inLanguage":"fr-FR","@id":"https:\/\/la-fauconnerie.com\/egypte\/#\/schema\/person\/image\/","url":"https:\/\/i0.wp.com\/la-fauconnerie.com\/egypte\/wp-content\/uploads\/2024\/01\/pngtree-egypt-flag-transparent-watercolor-painted-brush-free-psd-png-image_5031747.png?fit=360%2C360&ssl=1","contentUrl":"https:\/\/i0.wp.com\/la-fauconnerie.com\/egypte\/wp-content\/uploads\/2024\/01\/pngtree-egypt-flag-transparent-watercolor-painted-brush-free-psd-png-image_5031747.png?fit=360%2C360&ssl=1","width":360,"height":360,"caption":"admin"},"logo":{"@id":"https:\/\/la-fauconnerie.com\/egypte\/#\/schema\/person\/image\/"},"sameAs":["https:\/\/la-fauconnerie.com\/egypte"]}]}},"jetpack_sharing_enabled":true,"jetpack-related-posts":[],"_links":{"self":[{"href":"https:\/\/la-fauconnerie.com\/egypte\/wp-json\/wp\/v2\/pages\/14"}],"collection":[{"href":"https:\/\/la-fauconnerie.com\/egypte\/wp-json\/wp\/v2\/pages"}],"about":[{"href":"https:\/\/la-fauconnerie.com\/egypte\/wp-json\/wp\/v2\/types\/page"}],"author":[{"embeddable":true,"href":"https:\/\/la-fauconnerie.com\/egypte\/wp-json\/wp\/v2\/users\/1"}],"replies":[{"embeddable":true,"href":"https:\/\/la-fauconnerie.com\/egypte\/wp-json\/wp\/v2\/comments?post=14"}],"version-history":[{"count":4,"href":"https:\/\/la-fauconnerie.com\/egypte\/wp-json\/wp\/v2\/pages\/14\/revisions"}],"predecessor-version":[{"id":130,"href":"https:\/\/la-fauconnerie.com\/egypte\/wp-json\/wp\/v2\/pages\/14\/revisions\/130"}],"wp:featuredmedia":[{"embeddable":true,"href":"https:\/\/la-fauconnerie.com\/egypte\/wp-json\/wp\/v2\/media\/100"}],"wp:attachment":[{"href":"https:\/\/la-fauconnerie.com\/egypte\/wp-json\/wp\/v2\/media?parent=14"}],"curies":[{"name":"wp","href":"https:\/\/api.w.org\/{rel}","templated":true}]}}